 common factor of 50 and f?
10
Suppose 5*h + 10 = -3*c - c, -4*c - 20 = 0. Suppose -2*b + h*y = 166, -2*y = 2*y + 16. Let u = -45 - b. What is the highest common divisor of u and 28?
14
Let y(v) = 3*v + 31. Let m be y(-7). Calculate the highest common divisor of 25 and m.
5
Suppose -2*s + q + 20 = -21, 3*s = 5*q + 79. Calculate the greatest common divisor of s and 12.
6
Let o = 4 - 8. Let v be 199/2 + 2/o. Let r be 8 + 6 + (11 + 1)/(-4). What is the highest common factor of r and v?
11
Suppose 6*i = i + 50. Let d(y) = -y**2 + y - 4. Let c be d(0). Let l be -18*(1 + i/c). Calculate the greatest common divisor of 18 and l.
9
Let f(v) = -v**3 + 3*v**2 - 4*v - 5. Let j be f(4). Let d be 3/6 + j/(-2). What is the greatest common divisor of 171 and d?
19
Let h(p) = 6*p**2 - 6*p + 15. Let k be h(4). What is the greatest common factor of 29 and k?
29
Suppose -3*o - 2*o = -3*u - 135, -110 = -4*o + 2*u. What is the highest common divisor of 6 and o?
6
Let g(r) = 49*r**2 - r. Suppose -3*i + 2*n = 2, -4*i - 2 + 0 = -3*n. Let m be g(i). Suppose 24 = s + 6. Calculate the greatest common factor of s and m.
18
Suppose 2*j = -2*j - 32. Let c = 1 - j. Suppose 3*u - 8*u = -495. Calculate the highest common divisor of u and c.
9
Let t be (-3 + -5)/(1*4/(-12)). Suppose 3*h - 4*h = -12. What is the highest common factor of h and t?
12
Suppose -v = -3 - 3. Suppose -z = 4*h - 121, -5*z + v - 1 = 0. What is the greatest common factor of 12 and h?
6
Let z be 3/9 + 10/6. Suppose -3 = u, -4*u + 5 - 21 = -z*s. Suppose 14 = s*g - 0*g. What is the greatest common factor of g and 7?
7
Let o = -52 - -77. Suppose -16 + 54 = 2*d - 4*a, -5*d - 4*a + o = 0. Calculate the highest common divisor of 36 and d.
9
Suppose -5*z - r = -44, -2*z + 0*z = -4*r - 22. Let s be (-2)/((-16)/z + 2). Let p be (s/6)/(6/(-16)). Calculate the greatest common factor of p and 28.
4
Let c = -32 - -40. Calculate the greatest common factor of 16 and c.
8
Let t = 24 + -18. Calculate the greatest common divisor of 6 and t.
6
Suppose 1 = -2*u + 13. Calculate the greatest common factor of 24 and u.
6
Let d = 17 - 15. What is the greatest common divisor of d and 8?
2
Let r be 0 + 7 + (-2 - 0). Let g(f) = -3*f + 10 - r*f + f**2 - 2*f. Let n be g(9). What is the highest common divisor of n and 9?
1
Let d(t) = -3*t - 1. Let y be d(-1). Suppose -21 = g - y*g. Calculate the highest common factor of g and 147.
21
Let r = -3 + 16. What is the greatest common factor of r and 13?
13
Let a(y) = y**2 + 5*y - 6. Suppose 3*u = 2*i - 35, 0 = -5*i + 20. Let k be a(u). What is the greatest common factor of k and 15?
15
Suppose 75 = 5*l + 5*b, 3*b = -3*l + 5*b + 30. Let k = l + -9. What is the greatest common factor of k and 3?
3
Suppose -2*b = -3*w + 13, 5*b - 2*b = w + 5. Let t = -36 + 57. What is the greatest common divisor of t and w?
7
Suppose 17*k = 12*k + 45. Let x = 573 + -334. Suppose -2*q = q + m - x, 2*m + 251 = 3*q. What is the greatest common divisor of k and q?
9
Suppose 0 = 2*r - 10, -2*r - 19 + 109 = 4*f. Let j be 25/((-1)/2 + 1). What is the highest common divisor of f and j?
10
Let i = -136 + 148. What is the highest common divisor of i and 192?
12
Let r be ((-4)/(-5))/(1/5). What is the highest common divisor of r and 28?
4
Let n = -55 - -87. Suppose 7*b = 59 + 53. Calculate the highest common divisor of n and b.
16
Let z be (28/(-4))/((-27)/13 - -2). Calculate the greatest common factor of 7 and z.
7
Let a(g) = g + 10. Let y be a(0). What is the highest common divisor of y and 2?
2
Suppose 0 = -3*h - i + 18, 3*h - 1 = 2*i + 17. Calculate the greatest common factor of 66 and h.
6
Suppose -j = -5*x - 32, j - 4*x - 21 = 8. What is the highest common divisor of 51 and j?
17
Let y = -35 + 74. What is the greatest common factor of 65 and y?
13
Suppose 5*o + 3 = 83. Let z(s) = s**3 - s + 2. Let i = -1 - -3. Let v be z(i). What is the highest common divisor of v and o?
8
Let c be -3 - (1/(-1) + -38). What is the highest common factor of 72 and c?
36
Let o(r) be the first derivative of r**4/4 + 4*r**3/3 - 2*r**2 + 7*r - 1. Let b be o(-5). Suppose w = -b*w + 147. What is the greatest common factor of w and 7?
7
Let l(v) = v + 17. Let t be l(-7). Let h = t - 3. Suppose -42 = -5*s - 4*o, 0 = s + 4*o - h*o - 16. Calculate the greatest common divisor of s and 80.
10
Suppose 3 - 2 = -s. Let n(i) = -19*i - 1. Let t be n(s). Let o be 3 + 6 + 0 + -3. What is the highest common divisor of t and o?
6
Suppose -5*h + 2*m + 0*m = 145, -3*h + 2*m = 91. Let f = h - -42. What is the highest common factor of f and 60?
15
Let q = 31 + 2. Suppose -5*p + q + 7 = 0. Calculate the highest common divisor of p and 12.
4
Suppose -w - 41 = -0*w. Let h = -25 - w. Suppose 0 = x - 79 + h. What is the greatest common divisor of x and 9?
9
Let p be -4*(-3)/(-6)*-2. Suppose -32 = -m + p. What is the greatest common factor of m and 24?
12
Suppose -4*l + 714 = -366. What is the highest common factor of l and 27?
27
Let x be -2 - (28/35 - 44/5). What is the greatest common factor of x and 78?
6
Suppose 2*p - 43 = -13. Let o(g) = 16*g**2 + 2*g + 1. Let k(n) = n + 6. Let y be k(-7). Let z be o(y). Calculate the greatest common divisor of p and z.
15
Let b(v) = 13*v + 5. Let t(h) = -14*h - 6. Let m(d) = 7*b(d) + 6*t(d). Let y be m(1). Calculate the greatest common factor of 42 and y.
6
Let d be 44 - (-4 - (-4 - 4)). What is the highest common factor of d and 10?
10
Let l be 11/1 - 0 - -1. Let g = -48 - -66. Calculate the greatest common factor of l and g.
6
Let q = 37 + 40. What is the highest common divisor of 11 and q?
11
Let u(w) = -31*w. Let o be u(-8). Calculate the greatest common divisor of 31 and o.
31
Let m = -11 + 35. Calculate the greatest common divisor of m and 60.
12
Suppose -3*z = 3*z - 72. Let c be (8/6)/(4/30). Let k = c - 2. Calculate the greatest common divisor of z and k.
4
Suppose 11 = 4*y - 5*v, 2*y - 9 = -y + 3*v. Suppose -22 = -5*s - q + 14, -4*s + 48 = -y*q. Calculate the highest common divisor of s and 88.
8
Let l = -97 + 233. Let m be (-2)/8 - (-552)/32. Calculate the highest common divisor of m and l.
17
Let c = 25 - -15. Let s be (-4)/((-7)/5 - -1). What is the highest common factor of c and s?
10
Let i be ((-14)/(-3) - -2)*18/5. Calculate the greatest common factor of i and 192.
24
Suppose 0*o = o + 49. Let p = -22 - o. What is the highest common divisor of 9 and p?
9
Let n(v) = -2*v + 7. Let j be n(8). Let d = -6 - j. Suppose 2*s = -d*s + 30. What is the greatest common divisor of s and 12?
6
Let p(z) = 2*z**2 - 12*z + 3. Let x be p(8). What is the greatest common factor of 70 and x?
35
Suppose 0 = -9*c + 4*c + 2*u - 90, -3*c + 3*u - 45 = 0. Let b = 28 + c. Calculate the highest common divisor of 8 and b.
8
Let q = -32 + 56. Calculate the greatest common factor of q and 8.
8
Let w = -113 - -123. Calculate the greatest common factor of w and 2.
2
Suppose 0 = -2*u - 0*u + 20. Let m(o) = o**3 + 6*o**2 + 3*o - 7. Let j be m(-5). Let t = 27 + j. What is the highest common factor of u and t?
10
Let d = -8 - -12. Suppose -4*f = 16, 2*w + 0*f - 54 = d*f. What is the greatest common factor of 171 and w?
19
Suppose 3*n - n - 14 = 0. Let z = 11 - n. Suppose 0*i - 5*i = t, z*t - 88 = 2*i. Calculate the highest common divisor of 5 and t.
5
Let j(a) = a**3 - 3*a**2 - 2*a + 4. Let f be j(3). Let w be (-3)/(-2) - (-1)/f. Let l = 1 + w. Calculate the greatest common factor of 2 and l.
2
Let z = 19 + -16. Suppose 3 = 2*l - z*d - 21, -2*l - 2*d + 34 = 0. Calculate the greatest common factor of 120 and l.
15
Let j(y) = -y**2 + 7*y - 4. Let s be j(6). Suppose 0 = 4*b - s*b. Suppose b = u - 3*u + 144. Calculate the greatest common factor of u and 9.
9
Suppose -3*t = -9 - 42. Let i = 62 + 91. What is the highest common divisor of t and i?
17
Suppose -5*f - 12 = -2*f, 0 = -3*w + f + 298. Suppose -7 = 4*o - 31. Let v be 11 + -3 + o + 0. Calculate the highest common factor of w and v.
14
Let c be ((-9)/2)/(4/(-8)). Let z(m) = 9*m**2 - m**3 + 0 - 1 + 10. Let t be z(9). What is the highest common factor of t and c?
9
Let u be (-3 - (-27 + 4))/(1 + 0). Calculate the highest common divisor of 100 and u.
20
Suppose -4*p + 9 = 1. Suppose -5*o - 11 = -2*h, -2*h + 3*o + 0*o = -21. Calculate the greatest common factor of p and h.
2
Suppose -p + 16 = -2